3242.
2, 1621
List the prime factors of 4723.
4723
What are the prime factors of 10235?
5, 23, 89
List the prime factors of 671.
11, 61
List the prime factors of 1465.
5, 293
List the prime factors of 270.
2, 3, 5
What are the prime factors of 9279?
3, 1031
What are the prime factors of 259?
7, 37
List the prime factors of 640.
2, 5
List the prime factors of 510.
2, 3, 5, 17
List the prime factors of 45552.
2, 3, 13, 73
List the prime factors of 1444.
2, 19
What are the prime factors of 6710?
2, 5, 11, 61
List the prime factors of 2881.
43, 67
List the prime factors of 3151.
23, 137
What are the prime factors of 3170?
2, 5, 317
What are the prime factors of 129599?
19, 359
List the prime factors of 2909.
2909
List the prime factors of 2487.
3, 829
What are the prime factors of 18834?
2, 3, 43, 73
What are the prime factors of 707?
7, 101
List the prime factors of 2962.
2, 1481
What are the prime factors of 84157?
23, 3659
What are the prime factors of 82084?
2, 20521
What are the prime factors of 182?
2, 7, 13
List the prime factors of 7809.
3, 19, 137
List the prime factors of 90564.
2, 3, 7547
What are the prime factors of 190?
2, 5, 19
What are the prime factors of 1938?
2, 3, 17, 19
What are the prime factors of 26363?
41, 643
What are the prime factors of 1531?
1531
What are the prime factors of 3865?
5, 773
List the prime factors of 208.
2, 13
List the prime factors of 16164.
2, 3, 449
What are the prime factors of 1389?
3, 463
What are the prime factors of 255?
3, 5, 17
List the prime factors of 15322.
2, 47, 163
What are the prime factors of 16277?
41, 397
List the prime factors of 3521.
7, 503
What are the prime factors of 1279?
1279
What are the prime factors of 4323?
3, 11, 131
What are the prime factors of 58698?
2, 3, 1087
What are the prime factors of 3411?
3, 379
List the prime factors of 6357.
3, 13, 163
List the prime factors of 90864.
2, 3, 631
List the prime factors of 988.
2, 13, 19
List the prime factors of 1291.
1291
What are the prime factors of 2165?
5, 433
List the prime factors of 13382.
2, 6691
What are the prime factors of 1673?
7, 239
What are the prime factors of 12386?
2, 11, 563
What are the prime factors of 1358?
2, 7, 97
List the prime factors of 114792.
2, 3, 4783
List the prime factors of 7725.
3, 5, 103
What are the prime factors of 1830?
2, 3, 5, 61
List the prime factors of 588.
2, 3, 7
What are the prime factors of 8150?
2, 5, 163
List the prime factors of 31320.
2, 3, 5, 29
What are the prime factors of 58623?
3, 19541
What are the prime factors of 12896?
2, 13, 31
List the prime factors of 286.
2, 11, 13
What are the prime factors of 123950?
2, 5, 37, 67
List the prime factors of 78546.
2, 3, 13, 19, 53
List the prime factors of 8451.
3, 313
List the prime factors of 61151.
61151
List the prime factors of 19987.
11, 23, 79
What are the prime factors of 1191?
3, 397
What are the prime factors of 16373?
7, 2339
What are the prime factors of 48277?
23, 2099
What are the prime factors of 33849?
3, 3761
What are the prime factors of 1706?
2, 853
List the prime factors of 3981.
3, 1327
What are the prime factors of 15584?
2, 487
What are the prime factors of 9927?
3, 1103
List the prime factors of 3840.
2, 3, 5
What are the prime factors of 615?
3, 5, 41
What are the prime factors of 67262?
2, 13, 199
What are the prime factors of 162?
2, 3
List the prime factors of 294.
2, 3, 7
List the prime factors of 455.
5, 7, 13
What are the prime factors of 114755?
5, 59, 389
List the prime factors of 8430.
2, 3, 5, 281
List the prime factors of 661.
661
List the prime factors of 23129.
101, 229
What are the prime factors of 11884?
2, 2971
What are the prime factors of 26508?
2, 3, 47
List the prime factors of 38.
2, 19
List the prime factors of 1426.
2, 23, 31
List the prime factors of 5547.
3, 43
List the prime factors of 9755.
5, 1951
What are the prime factors of 46472?
2, 37, 157
What are the prime factors of 1758?
2, 3, 293
What are the prime factors of 9874?
2, 4937
List the prime factors of 3293.
37, 89
What are the prime factors of 4039?
7, 577
List the prime factors of 877.
877
List the prime factors of 470.
2, 5, 47
What are the prime factors of 31542?
2, 3, 7, 751
List the prime factors of 1101.
3, 367
What are the prime factors of 44548?
2, 7, 37, 43
What are the prime factors of 4230?
2, 3, 5, 47
What are the prime factors of 13010?
2, 5, 1301
List the prime factors of 1272.
2, 3, 53
List the prime factors of 4370.
2, 5, 19, 23
What are the prime factors of 67310?
2, 5, 53, 127
What are the prime factors of 812?
2, 7, 29
What are the prime factors of 337?
337
What are the prime factors of 2489?
19, 131
What are the prime factors of 30?
2, 3, 5
List the prime factors of 895.
5, 179
What are the prime factors of 1411?
17, 83
List the prime factors of 3683.
29, 127
List the prime factors of 42204.
2, 3, 3517
List the prime factors of 3262.
2, 7, 233
What are the prime factors of 19950?
2, 3, 5, 7, 19
List the prime factors of 11812.
2, 2953
List the prime factors of 52826.
2, 61, 433
What are the prime factors of 8606?
2, 13, 331
What are the prime factors of 1434?
2, 3, 239
What are the prime factors of 36693?
3, 151
What are the prime factors of 1877?
1877
List the prime factors of 4823.
7, 13, 53
List the prime factors of 12263.
12263
List the prime factors of 1353.
3, 11, 41
What are the prime factors of 1671?
3, 557
List the prime factors of 8245.
5, 17, 97
What are the prime factors of 4629?
3, 1543
What are the prime factors of 25145?
5, 47, 107
What are the prime factors of 14877?
3, 19, 29
List the prime factors of 118307.
7, 16901
List the prime factors of 16390.
2, 5, 11, 149
What are the prime factors of 100?
2, 5
What are the prime factors of 1159?
19, 61
What are the prime factors of 3013?
23, 131
What are the prime factors of 124197?
3, 41399
What are the prime factors of 6796?
2, 1699
What are the prime factors of 67623?
3, 22541
What are the prime factors of 32360?
2, 5, 809
What are the prime factors of 650?
2, 5, 13
What are the prime factors of 6843?
3, 2281
List the prime factors of 13395.
3, 5, 19, 47
List the prime factors of 330.
2, 3, 5, 11
List the prime factors of 23462.
2, 11731
List the prime factors of 5083.
13, 17, 23
List the prime factors of 5818.
2, 2909
What are the prime factors of 2291?
29, 79
List the prime factors of 1549.
1549
What are the prime factors of 24437?
7, 3491
List the prime factors of 141.
3, 47
What are the prime factors of 8345?
5, 1669
List the prime factors of 12762.
2, 3, 709
What are the prime factors of 2177?
7, 311
What are the prime factors of 4635?
3, 5, 103
What are the prime factors of 6250?
2, 5
What are the prime factors of 4275?
3, 5, 19
What are the prime factors of 866?
2, 433
List the prime factors of 30750.
2, 3, 5, 41
What are the prime factors of 1600?
2, 5
What are the prime factors of 43084?
2, 10771
What are the prime factors of 5039?
5039
List the prime factors of 16886.
2, 8443
What are the prime factors of 759?
3, 11, 23
What are the prime factors of 5980?
2, 5, 13, 23
What are the prime factors of 614?
2, 307
List the prime factors of 107479.
23, 4673
What are the prime factors of 9801?
3, 11
What are the prime factors of 957?
3, 11, 29
List the prime factors of 7215.
3, 5, 13, 37
What are the prime factors of 1291?
1291
List the prime factors of 7141.
37, 193
List the prime factors of 40624.
2, 2539
What are the prime factors of 416?
2, 13
What are the prime factors of 465?
3, 5, 31
What are the prime factors of 440?
2, 5, 11
What are the prime factors of 3724?
2, 7, 19
What are the prime factors of 966?
2, 3, 7, 23
What are the prime factors of 68684?
2, 7, 11, 223
What are the prime factors of 67914?
2, 3, 7, 11
What are the prime factors of 63358?
2, 79, 401
What are the prime factors of 22357?
79, 283
List the prime factors of 21259.
7, 3037
List the prime factors of 765.
3, 5, 17
What are the prime factors of 1059?
3, 353
List the prime factors of 13653.
3, 37, 41
List the prime factors of 31951.
89, 359
List the prime factors of 3531.
3, 11, 107
List the prime factors of 5635.
5, 7, 23
List the prime factors of 49662.
2, 3, 31, 89
List the prime factors of 23896.
2, 29, 103
List the prime factors of 6547.
6547
What a